{"id":1112,"date":"2018-01-16T14:16:10","date_gmt":"2018-01-16T14:16:10","guid":{"rendered":"http:\/\/www.pierre-alain-schnegg.ch\/?page_id=1112\/"},"modified":"2026-03-19T09:03:57","modified_gmt":"2026-03-19T09:03:57","slug":"revue-de-presse-campagne","status":"publish","type":"page","link":"https:\/\/www.pierre-alain-schnegg.ch\/fr\/election-2018\/revue-de-presse-campagne\/","title":{"rendered":"Revue de presse \u2013 Campagne"},"content":{"rendered":"<p>Revue de presse \u2013 Campagne<br \/>Manqu\u00e9 un article ? Envie d\u2019en savoir plus ?<\/p>\n<p>Voici une liste d\u2019articles parus dans diff\u00e9rents m\u00e9dias au sujet de mon action politique et de ma candidature au gouvernement bernois :<\/p>\n<ul>\n<li><a href=\"#ancre1\">Articles en fran\u00e7ais<\/a><\/li>\n<li><a href=\"#ancre2\">\u00c9missions radio et TV en fran\u00e7ais<\/a><\/li>\n<li><a href=\"#ancre3\">Articles en allemand<\/a><\/li>\n<li><a title=\"\" href=\"#ancre4\">\u00c9missions radio et TV en allemand<\/a><br \/><hr \/>\n<p><a name=\"ancre1\"><\/a><\/p>\n<\/li>\n<\/ul>\n<h4>Articles en fran\u00e7ais<\/h4>\n<p><a href=\"https:\/\/www.lqj.ch\/articles\/pierre-alain-schnegg-veut-rester-mais-en-a-marre-des-empecheurs-de-tourner-en-rond-131930?webview=true\">Pierre Alain Schnegg veut rester mais en a marre des emp\u00eacheurs de tourner en rond<\/a><br \/>Le quotidien, 18.03.2026<\/p>\n<p><a href=\"https:\/\/ajour.ch\/de\/story\/657879\/une-conomie-forte-pour-des-prestations-de-qualit\">Une \u00e9conomie forte pour des prestations de qualit\u00e9<\/a><br \/>aJOUR, 09.03.2026<\/p>\n<p><a href=\"https:\/\/ajour.ch\/fr\/story\/644457\/pour-pierre-alain-schnegg-le-jura-bernois-peut-avancer-sereinement\">Pour Pierre Alain Schnegg, le Jura bernois peut avancer sereinement<\/a><br \/>aJOUR, 30.12.2026<\/p>\n<p><a href=\"http:\/\/www.pierre-alain-schnegg.ch\/wp-content\/uploads\/2018\/03\/20170703-Le-Temps_ministre-utile.pdf\" target=\"_blank\" rel=\"noopener\">Pierre Alain Schnegg, enfin un ministre UDC utile !<\/a><br \/>RTS, 03.07.2017<\/p>\n<p><a href=\"http:\/\/www.pierre-alain-schnegg.ch\/wp-content\/uploads\/2018\/03\/20180306-JDJ.pdf\" target=\"_blank\" rel=\"noopener\">Elu pour faire le job<\/a><br \/>Le Journal du Jura, 06.03.2018<\/p>\n<p><a href=\" http:\/\/www.pierre-alain-schnegg.ch\/wp-content\/uploads\/2018\/03\/20180303_JDJ.pdf\" target=\"_blank\" rel=\"noopener\"> \u00ab Rien n\u2019est jamais jou\u00e9 d\u2019avance \u00bb<\/a><br \/>Le Journal du Jura, 03.03.2018<\/p>\n<p><a href=\"http:\/\/www.pierre-alain-schnegg.ch\/wp-content\/uploads\/2018\/02\/20180224_JDJ_CE2018.pdf\" target=\"_blank\" rel=\"noopener\">Elections cantonales<\/a><br \/>Le Journal du Jura, 24.02.2018<\/p>\n<p><a href=\"http:\/\/lasemaine.ch\/2018\/no4\/actualites\/les_reformes_de_pierre_alain_schnegg-380_2788_128.html\" target=\"_blank\" rel=\"noopener\">Les r\u00e9formes de Pierre Alain Schnegg : &#8220;Je tiens \u00e0 ce que chaque franc investi profite \u00e0 la population.&#8221;<\/a><br \/>Lasemaine.ch, 31.01.2018<\/p>\n<p><a href=\"https:\/\/www.rjb.ch\/rjb\/Actualite\/Region\/20180126-Sante-social-la-population-avant-tout.html\" target=\"_blank\" rel=\"noopener\">Sant\u00e9 \/ social: la population avant tout<\/a><br \/>RJB.ch, 26.01.2018<\/p>\n<p><a href=\"http:\/\/www.pierre-alain-schnegg.ch\/wp-content\/uploads\/2018\/01\/20180117-JDJ_2eChance.pdf\" target=\"_blank\" rel=\"noopener\">Une 2e chance pour 50 adultes<\/a><br \/>Journal du Jura, 17.01.2018<\/p>\n<p><a href=\"https:\/\/www.letemps.ch\/suisse\/2018\/01\/14\/pierre-alain-schnegg-apotre-lausterite?utm_source=facebook&amp;utm_medium=share&amp;utm_campaign=article\" target=\"_blank\" rel=\"noopener\">Pierre Alain Schnegg, ap\u00f4tre de l\u2019aust\u00e9rit\u00e9<\/a><br \/>Le Temps, 14.01.2018<\/p>\n<hr \/>\n<h4><a name=\"ancre2\"><\/a>\u00c9missions radio et TV en fran\u00e7ais<\/h4>\n<div class=\"region region-content\">\n<section id=\"block-system-main\" class=\"block block-system clearfix\">\n<article id=\"node-291291\" class=\"node node-media clearfix\">\n<div class=\"field field-name-field-media-media field-type-file field-label-hidden\">\n<div class=\"field-items\">\n<div class=\"field-item even\">\n<div id=\"jwplayer76902media\" class=\"jwplayer jw-reset jw-state-playing jw-stretch-uniform jw-flag-aspect-mode jw-skin-glow jw-breakpoint-6 jw-floating-dismissible jw-keep-thumbnail\" tabindex=\"0\" role=\"application\" aria-label=\"Video Player\">\n<div class=\"jw-wrapper jw-reset\">\n<div class=\"jw-controls jw-reset\">\n<div class=\"jw-controlbar jw-reset\">\n<div class=\"jw-slider-time jw-chapter-slider-time jw-background-color jw-reset jw-slider-horizontal jw-reset\" tabindex=\"0\" role=\"slider\" aria-valuetext=\"0 of 56 minutes, 41 seconds\" aria-valuenow=\"0.197655\" aria-label=\"Barre de Lecture\" aria-valuemin=\"0\" aria-valuemax=\"3401\">\n<div class=\"jw-slider-container jw-reset\">\n<div class=\"jw-icon jw-icon-tooltip jw-tooltip-time jw-button-color jw-reset\">\n<div class=\"jw-overlay jw-reset\">\n<div class=\"jw-time-tip jw-reset\"><a href=\"https:\/\/web.telebielingue.ch\/fr\/emissions\/controverse\/2026-02-25\">CONTROVERSE du 25 f\u00e9vrier 2026<\/a><br \/>TeleBilingue, 25.02.2026<\/div>\n<div>\u00a0<\/div>\n<div>\n<div class=\"jw-time-tip jw-reset\"><a href=\"https:\/\/www.rjb.ch\/La-Matinale\/Cap-sur-Berne-2-3-Pierre-Alain-Schnegg.html\"><span style=\"color: initial; font-size: revert;\">Cap sur Berne (2\/3) : Pierre Alain Schnegg<\/span><\/a><\/div>\n<div class=\"jw-time-tip jw-reset\">RJB, 05.03.2026<\/div>\n<\/div>\n<\/div>\n<\/div>\n<\/div>\n<\/div>\n<div class=\"jw-reset jw-button-container\">\n<div class=\"jw-icon jw-icon-tooltip jw-icon-volume jw-button-color jw-reset jw-full\" tabindex=\"0\" role=\"group\" aria-label=\"D\u00e9sactiver le Son button\">\u00a0<\/div>\n<\/div>\n<\/div>\n<\/div>\n<\/div>\n<\/div>\n<\/div>\n<\/div>\n<\/div>\n<\/article>\n<\/section>\n<\/div>\n<p><a href=\"http:\/\/www.rts.ch\/play\/tv\/popupvideoplayer?id=9403856&amp;startTime=150.797\" target=\"_blank\" rel=\"noopener\">D\u00e9bat pour le premier tour des \u00e9lections cantonales bernoises<\/a><br \/>RTS, 15.03.2018<\/p>\n<p><a href=\"http:\/\/www.rts.ch\/play\/tv\/popupvideoplayer?id=9403856&amp;startTime=150.797\" target=\"_blank\" rel=\"noopener\">D\u00e9bat pour le premier tour des \u00e9lections cantonales bernoises<\/a><br \/>RTS, 15.03.2018<\/p>\n<p><a href=\"https:\/\/www.rjb.ch\/rjb\/Actualite\/Region\/20180227-Matinale-speciale-election-Pierre-Alain-Schnegg.html\" target=\"_blank\" rel=\"noopener\">Matinale sp\u00e9ciale \u00e9lection : Pierre Alain Schnegg<\/a><br \/>RJB.ch, 27.02.2018<\/p>\n<p><a href=\"https:\/\/www.rts.ch\/play\/tv\/mise-au-point\/video\/chacun-sa-croix?id=9306878\" target=\"_blank\" rel=\"noopener\">Emission mise au Point<\/a><br \/>RTS, 04.02.2018<\/p>\n<hr \/>\n<p><a name=\"ancre3\"><\/a><\/p>\n<h4>Presse al\u00e9manique<\/h4>\n<p><a href=\"https:\/\/ajour.ch\/de\/story\/660201\/pierre-alain-schnegg-m%C3%B6chte-der-wirtschaft-mehr-gewicht-verschaffen\">Pierre Alain Schnegg m\u00f6chte der Wirtschaft mehr Gewicht verschaffen<\/a><br \/>aJOUR, 09.03.2026<\/p>\n<p><a href=\"https:\/\/www.derbund.ch\/schnegg-svp-gesundheitsdirektor-kandidiert-erneut-in-bern-657696809941\"><span class=\"text astro-mrojhlls\" data-testid=\"content-title\">\u00abIrgendeinmal muss entschieden werden. Und das ist meine Aufgabe\u00bb<\/span><\/a><br \/>Bund, 07.01.2026<\/p>\n<p><a href=\"https:\/\/www.srf.ch\/news\/schweiz\/regierungsratswahlen-bern-2026-wahlen-kanton-bern-geht-das-buergerliche-powerplay-auf\"><span class=\"article-title__text\">Wahlen Kanton Bern: Geht das B\u00fcrgerliche Powerplay auf?<\/span><\/a><br \/>SRF, 09.03.2026<\/p>\n<p class=\"MuiTypography-root MuiTypography-h2 mui-1rjl542 e1c3q6ux1\" data-sentry-element=\"H2\" data-sentry-source-file=\"title-block.tsx\"><a href=\"https:\/\/www.hauptstadt.be\/a\/der-mit-dem-flair-fuer-zahlen\">Der mit dem Flair f\u00fcr Zahlen<\/a><br \/>Hauptstadt, 10.02.2026<\/p>\n<p class=\"MuiTypography-root MuiTypography-h2 mui-1rjl542 e1c3q6ux1\" data-sentry-element=\"H2\" data-sentry-source-file=\"title-block.tsx\"><a href=\"https:\/\/www.nau.ch\/politik\/regional\/regierungsrats-kandidat-pierre-alain-schnegg-svp-im-interview-67093986\">Regierungsrats-Kandidat Pierre Alain Schnegg (SVP) im Interview<\/a><br \/>nau.ch, 16.02.2026<\/p>\n<p><a href=\"http:\/\/www.pierre-alain-schnegg.ch\/wp-content\/uploads\/2018\/02\/20180206-derbund.pdf\" target=\"_blank\" rel=\"noopener\">Schnegg setzt auf Frauen<\/a><br \/>Der bund, 06.02.2018<\/p>\n<p><a href=\"http:\/\/www.pierre-alain-schnegg.ch\/wp-content\/uploads\/2018\/02\/20180201-NZZ.pdf \" target=\"_blank\" rel=\"noopener\">Die Linke greift Schnegg frontal an<\/a><br \/>Neuen Z\u00fcrcher Zeitung, 01 02 2018<\/p>\n<p><a href=\"http:\/\/www.pierre-alain-schnegg.ch\/wp-content\/uploads\/2018\/01\/20180122_Thurgauerzeitung.pdf\" target=\"_blank\" rel=\"noopener\">Mitten in den heissen Brei<\/a><br \/>Thurgauerzeitung, 22 01 2018<\/p>\n<p><a href=\"https:\/\/mobile2.thunertagblatt.ch\/articles\/5a5f57e3ab5c37125d000001\" target=\"_blank\" rel=\"noopener\">Intact geht mit Schnegg im Takt<\/a><br \/>Thunertagblatt.ch, 17.01.2018<\/p>\n<p><a href=\"http:\/\/www.pierre-alain-schnegg.ch\/wp-content\/uploads\/2018\/01\/20180114_NZZamSonntag.pdf\" target=\"_blank\" rel=\"noopener\">Berner Schl\u00fcsselfigur<\/a><br \/>NZZamSonntag, 14.01.2018<\/p>\n<p><a href=\"http:\/\/www.pierre-alain-schnegg.ch\/wp-content\/uploads\/2018\/01\/20171207_NeueZurcherZeitung.pdf\" target=\"_blank\" rel=\"noopener\">Der neue Staaffeind Nummer eins<\/a><br \/>Neue Z\u00fcrcher Zeitung, 07.12.2017<\/p>\n<hr \/>\n<h4>\u00c9missions radio et TV en allemand<\/h4>\n\n\n<p><a href=\"https:\/\/www.youtube.com\/watch?v=9yRrX4Qn2Mc\">[1. Folge] POLITICTAC &#8211; Berner Regierungsratwahlen 2026<br><\/a>TeleBilingue, 11.03.2026<a href=\"http:\/\/www.pierre-alain-schnegg.ch\/wp-content\/uploads\/2018\/01\/20171207_NeueZurcherZeitung.pdf\" target=\"_blank\" rel=\"noreferrer noopener\"><\/a><\/p>\n\n\n\n<p><a href=\"https:\/\/www.telebaern.tv\/telebaern-news\/buergerliche-parteien-im-kanton-bern-starten-wahlkampf-162863205\">B\u00fcrgerliche Parteien im Kanton Bern starten Wahlkampf<\/a><br>Tele B\u00e4rn, 18.12.2026<\/p>\n\n\n\n<p><\/p>\n\n\n\n<p><\/p>\n\n\n\n<p><\/p>\n","protected":false},"excerpt":{"rendered":"<p>Revue de presse \u2013 CampagneManqu\u00e9 un article ? Envie d\u2019en savoir plus ? Voici une liste d\u2019articles parus dans diff\u00e9rents m\u00e9dias au sujet de mon action politique et de ma candidature au gouvernement bernois : Articles en fran\u00e7ais \u00c9missions radio et TV en fran\u00e7ais Articles en allemand \u00c9missions radio et TV en allemand Articles en fran\u00e7ais Pierre Alain Schnegg veut rester mais en a marre des emp\u00eacheurs de tourner en rondLe quotidien, 18.03.2026 Une \u00e9conomie forte pour des prestations de qualit\u00e9aJOUR, 09.03.2026 Pour Pierre Alain Schnegg, le Jura bernois peut avancer sereinementaJOUR, 30.12.2026 Pierre Alain Schnegg, enfin un ministre UDC utile !RTS, 03.07.2017 Elu pour faire le jobLe Journal du<\/p>\n","protected":false},"author":4,"featured_media":0,"parent":880,"menu_order":3,"comment_status":"closed","ping_status":"closed","template":"","meta":{"jetpack_post_was_ever_published":false,"footnotes":""},"class_list":["post-1112","page","type-page","status-publish","hentry"],"jetpack_sharing_enabled":true,"jetpack_shortlink":"https:\/\/wp.me\/P74j66-hW","_links":{"self":[{"href":"https:\/\/www.pierre-alain-schnegg.ch\/fr\/wp-json\/wp\/v2\/pages\/1112","targetHints":{"allow":["GET"]}}],"collection":[{"href":"https:\/\/www.pierre-alain-schnegg.ch\/fr\/wp-json\/wp\/v2\/pages"}],"about":[{"href":"https:\/\/www.pierre-alain-schnegg.ch\/fr\/wp-json\/wp\/v2\/types\/page"}],"author":[{"embeddable":true,"href":"https:\/\/www.pierre-alain-schnegg.ch\/fr\/wp-json\/wp\/v2\/users\/4"}],"replies":[{"embeddable":true,"href":"https:\/\/www.pierre-alain-schnegg.ch\/fr\/wp-json\/wp\/v2\/comments?post=1112"}],"version-history":[{"count":33,"href":"https:\/\/www.pierre-alain-schnegg.ch\/fr\/wp-json\/wp\/v2\/pages\/1112\/revisions"}],"predecessor-version":[{"id":1673,"href":"https:\/\/www.pierre-alain-schnegg.ch\/fr\/wp-json\/wp\/v2\/pages\/1112\/revisions\/1673"}],"up":[{"embeddable":true,"href":"https:\/\/www.pierre-alain-schnegg.ch\/fr\/wp-json\/wp\/v2\/pages\/880"}],"wp:attachment":[{"href":"https:\/\/www.pierre-alain-schnegg.ch\/fr\/wp-json\/wp\/v2\/media?parent=1112"}],"curies":[{"name":"wp","href":"https:\/\/api.w.org\/{rel}","templated":true}]}}

<p>Revue de presse – Campagne<br />Manqué un article ? Envie d’en savoir plus ?</p>
<p>Voici une liste d’articles parus dans différents médias au sujet de mon action politique et de ma candidature au gouvernement bernois :</p>
<ul>
<li><a href="#ancre1">Articles en français</a></li>
<li><a href="#ancre2">Émissions radio et TV en français</a></li>
<li><a href="#ancre3">Articles en allemand</a></li>
<li><a title="" href="#ancre4">Émissions radio et TV en allemand</a><br /><hr />
<p><a name="ancre1"></a></p>
</li>
</ul>
<h4>Articles en français</h4>
<p><a href="https://www.lqj.ch/articles/pierre-alain-schnegg-veut-rester-mais-en-a-marre-des-empecheurs-de-tourner-en-rond-131930?webview=true">Pierre Alain Schnegg veut rester mais en a marre des empêcheurs de tourner en rond</a><br />Le quotidien, 18.03.2026</p>
<p><a href="https://ajour.ch/de/story/657879/une-conomie-forte-pour-des-prestations-de-qualit">Une économie forte pour des prestations de qualité</a><br />aJOUR, 09.03.2026</p>
<p><a href="https://ajour.ch/fr/story/644457/pour-pierre-alain-schnegg-le-jura-bernois-peut-avancer-sereinement">Pour Pierre Alain Schnegg, le Jura bernois peut avancer sereinement</a><br />aJOUR, 30.12.2026</p>
<p><a href="http://www.pierre-alain-schnegg.ch/wp-content/uploads/2018/03/20170703-Le-Temps_ministre-utile.pdf" target="_blank" rel="noopener">Pierre Alain Schnegg, enfin un ministre UDC utile !</a><br />RTS, 03.07.2017</p>
<p><a href="http://www.pierre-alain-schnegg.ch/wp-content/uploads/2018/03/20180306-JDJ.pdf" target="_blank" rel="noopener">Elu pour faire le job</a><br />Le Journal du Jura, 06.03.2018</p>
<p><a href=" http://www.pierre-alain-schnegg.ch/wp-content/uploads/2018/03/20180303_JDJ.pdf" target="_blank" rel="noopener"> « Rien n’est jamais joué d’avance »</a><br />Le Journal du Jura, 03.03.2018</p>
<p><a href="http://www.pierre-alain-schnegg.ch/wp-content/uploads/2018/02/20180224_JDJ_CE2018.pdf" target="_blank" rel="noopener">Elections cantonales</a><br />Le Journal du Jura, 24.02.2018</p>
<p><a href="http://lasemaine.ch/2018/no4/actualites/les_reformes_de_pierre_alain_schnegg-380_2788_128.html" target="_blank" rel="noopener">Les réformes de Pierre Alain Schnegg : &#8220;Je tiens à ce que chaque franc investi profite à la population.&#8221;</a><br />Lasemaine.ch, 31.01.2018</p>
<p><a href="https://www.rjb.ch/rjb/Actualite/Region/20180126-Sante-social-la-population-avant-tout.html" target="_blank" rel="noopener">Santé / social: la population avant tout</a><br />RJB.ch, 26.01.2018</p>
<p><a href="http://www.pierre-alain-schnegg.ch/wp-content/uploads/2018/01/20180117-JDJ_2eChance.pdf" target="_blank" rel="noopener">Une 2e chance pour 50 adultes</a><br />Journal du Jura, 17.01.2018</p>
<p><a href="https://www.letemps.ch/suisse/2018/01/14/pierre-alain-schnegg-apotre-lausterite?utm_source=facebook&amp;utm_medium=share&amp;utm_campaign=article" target="_blank" rel="noopener">Pierre Alain Schnegg, apôtre de l’austérité</a><br />Le Temps, 14.01.2018</p>
<hr />
<h4><a name="ancre2"></a>Émissions radio et TV en français</h4>
<div class="region region-content">
<section id="block-system-main" class="block block-system clearfix">
<article id="node-291291" class="node node-media clearfix">
<div class="field field-name-field-media-media field-type-file field-label-hidden">
<div class="field-items">
<div class="field-item even">
<div id="jwplayer76902media" class="jwplayer jw-reset jw-state-playing jw-stretch-uniform jw-flag-aspect-mode jw-skin-glow jw-breakpoint-6 jw-floating-dismissible jw-keep-thumbnail" tabindex="0" role="application" aria-label="Video Player">
<div class="jw-wrapper jw-reset">
<div class="jw-controls jw-reset">
<div class="jw-controlbar jw-reset">
<div class="jw-slider-time jw-chapter-slider-time jw-background-color jw-reset jw-slider-horizontal jw-reset" tabindex="0" role="slider" aria-valuetext="0 of 56 minutes, 41 seconds" aria-valuenow="0.197655" aria-label="Barre de Lecture" aria-valuemin="0" aria-valuemax="3401">
<div class="jw-slider-container jw-reset">
<div class="jw-icon jw-icon-tooltip jw-tooltip-time jw-button-color jw-reset">
<div class="jw-overlay jw-reset">
<div class="jw-time-tip jw-reset"><a href="https://web.telebielingue.ch/fr/emissions/controverse/2026-02-25">CONTROVERSE du 25 février 2026</a><br />TeleBilingue, 25.02.2026</div>
<div> </div>
<div>
<div class="jw-time-tip jw-reset"><a href="https://www.rjb.ch/La-Matinale/Cap-sur-Berne-2-3-Pierre-Alain-Schnegg.html"><span style="color: initial; font-size: revert;">Cap sur Berne (2/3) : Pierre Alain Schnegg</span></a></div>
<div class="jw-time-tip jw-reset">RJB, 05.03.2026</div>
</div>
</div>
</div>
</div>
</div>
<div class="jw-reset jw-button-container">
<div class="jw-icon jw-icon-tooltip jw-icon-volume jw-button-color jw-reset jw-full" tabindex="0" role="group" aria-label="Désactiver le Son button"> </div>
</div>
</div>
</div>
</div>
</div>
</div>
</div>
</div>
</article>
</section>
</div>
<p><a href="http://www.rts.ch/play/tv/popupvideoplayer?id=9403856&amp;startTime=150.797" target="_blank" rel="noopener">Débat pour le premier tour des élections cantonales bernoises</a><br />RTS, 15.03.2018</p>
<p><a href="http://www.rts.ch/play/tv/popupvideoplayer?id=9403856&amp;startTime=150.797" target="_blank" rel="noopener">Débat pour le premier tour des élections cantonales bernoises</a><br />RTS, 15.03.2018</p>
<p><a href="https://www.rjb.ch/rjb/Actualite/Region/20180227-Matinale-speciale-election-Pierre-Alain-Schnegg.html" target="_blank" rel="noopener">Matinale spéciale élection : Pierre Alain Schnegg</a><br />RJB.ch, 27.02.2018</p>
<p><a href="https://www.rts.ch/play/tv/mise-au-point/video/chacun-sa-croix?id=9306878" target="_blank" rel="noopener">Emission mise au Point</a><br />RTS, 04.02.2018</p>
<hr />
<p><a name="ancre3"></a></p>
<h4>Presse alémanique</h4>
<p><a href="https://ajour.ch/de/story/660201/pierre-alain-schnegg-m%C3%B6chte-der-wirtschaft-mehr-gewicht-verschaffen">Pierre Alain Schnegg möchte der Wirtschaft mehr Gewicht verschaffen</a><br />aJOUR, 09.03.2026</p>
<p><a href="https://www.derbund.ch/schnegg-svp-gesundheitsdirektor-kandidiert-erneut-in-bern-657696809941"><span class="text astro-mrojhlls" data-testid="content-title">«Irgendeinmal muss entschieden werden. Und das ist meine Aufgabe»</span></a><br />Bund, 07.01.2026</p>
<p><a href="https://www.srf.ch/news/schweiz/regierungsratswahlen-bern-2026-wahlen-kanton-bern-geht-das-buergerliche-powerplay-auf"><span class="article-title__text">Wahlen Kanton Bern: Geht das Bürgerliche Powerplay auf?</span></a><br />SRF, 09.03.2026</p>
<p class="MuiTypography-root MuiTypography-h2 mui-1rjl542 e1c3q6ux1" data-sentry-element="H2" data-sentry-source-file="title-block.tsx"><a href="https://www.hauptstadt.be/a/der-mit-dem-flair-fuer-zahlen">Der mit dem Flair für Zahlen</a><br />Hauptstadt, 10.02.2026</p>
<p class="MuiTypography-root MuiTypography-h2 mui-1rjl542 e1c3q6ux1" data-sentry-element="H2" data-sentry-source-file="title-block.tsx"><a href="https://www.nau.ch/politik/regional/regierungsrats-kandidat-pierre-alain-schnegg-svp-im-interview-67093986">Regierungsrats-Kandidat Pierre Alain Schnegg (SVP) im Interview</a><br />nau.ch, 16.02.2026</p>
<p><a href="http://www.pierre-alain-schnegg.ch/wp-content/uploads/2018/02/20180206-derbund.pdf" target="_blank" rel="noopener">Schnegg setzt auf Frauen</a><br />Der bund, 06.02.2018</p>
<p><a href="http://www.pierre-alain-schnegg.ch/wp-content/uploads/2018/02/20180201-NZZ.pdf " target="_blank" rel="noopener">Die Linke greift Schnegg frontal an</a><br />Neuen Zürcher Zeitung, 01 02 2018</p>
<p><a href="http://www.pierre-alain-schnegg.ch/wp-content/uploads/2018/01/20180122_Thurgauerzeitung.pdf" target="_blank" rel="noopener">Mitten in den heissen Brei</a><br />Thurgauerzeitung, 22 01 2018</p>
<p><a href="https://mobile2.thunertagblatt.ch/articles/5a5f57e3ab5c37125d000001" target="_blank" rel="noopener">Intact geht mit Schnegg im Takt</a><br />Thunertagblatt.ch, 17.01.2018</p>
<p><a href="http://www.pierre-alain-schnegg.ch/wp-content/uploads/2018/01/20180114_NZZamSonntag.pdf" target="_blank" rel="noopener">Berner Schlüsselfigur</a><br />NZZamSonntag, 14.01.2018</p>
<p><a href="http://www.pierre-alain-schnegg.ch/wp-content/uploads/2018/01/20171207_NeueZurcherZeitung.pdf" target="_blank" rel="noopener">Der neue Staaffeind Nummer eins</a><br />Neue Zürcher Zeitung, 07.12.2017</p>
<hr />
<h4>Émissions radio et TV en allemand</h4>


<p><a href="https://www.youtube.com/watch?v=9yRrX4Qn2Mc">[1. Folge] POLITICTAC &#8211; Berner Regierungsratwahlen 2026<br></a>TeleBilingue, 11.03.2026<a href="http://www.pierre-alain-schnegg.ch/wp-content/uploads/2018/01/20171207_NeueZurcherZeitung.pdf" target="_blank" rel="noreferrer noopener"></a></p>



<p><a href="https://www.telebaern.tv/telebaern-news/buergerliche-parteien-im-kanton-bern-starten-wahlkampf-162863205">Bürgerliche Parteien im Kanton Bern starten Wahlkampf</a><br>Tele Bärn, 18.12.2026</p>



<p></p>



<p></p>



<p></p>

<p>Revue de presse – CampagneManqué un article ? Envie d’en savoir plus ? Voici une liste d’articles parus dans différents médias au sujet de mon action politique et de ma candidature au gouvernement bernois : Articles en français Émissions radio et TV en français Articles en allemand Émissions radio et TV en allemand Articles en français Pierre Alain Schnegg veut rester mais en a marre des empêcheurs de tourner en rondLe quotidien, 18.03.2026 Une économie forte pour des prestations de qualitéaJOUR, 09.03.2026 Pour Pierre Alain Schnegg, le Jura bernois peut avancer sereinementaJOUR, 30.12.2026 Pierre Alain Schnegg, enfin un ministre UDC utile !RTS, 03.07.2017 Elu pour faire le jobLe Journal du</p>
