{"id":17,"date":"2015-11-02T16:33:14","date_gmt":"2015-11-02T16:33:14","guid":{"rendered":"http:\/\/www.pierre-alain-schnegg.ch\/?page_id=17"},"modified":"2026-03-17T11:51:42","modified_gmt":"2026-03-17T11:51:42","slug":"presentation-3","status":"publish","type":"page","link":"https:\/\/www.pierre-alain-schnegg.ch\/fr\/presentation-3\/","title":{"rendered":"Pr\u00e9sentation"},"content":{"rendered":"<p>N\u00e9 dans le<strong> Jura bernois<\/strong>, je suis profond\u00e9ment attach\u00e9 \u00e0 cette belle r\u00e9gion. J&#8217;ai particip\u00e9 \u00e0 sa <strong>vie \u00e9conomique<\/strong> pendant plus de 30 ans, avec notamment la cr\u00e9ation de deux entreprises, l\u2019une dans le secteur agricole, l\u2019autre dans le domaine informatique.<\/p>\n<p>Depuis 2016, je repr\u00e9sente le Jura bernois au sein du Conseil-ex\u00e9cutif du canton de Berne. Auparavant, je m&#8217;\u00e9tais engag\u00e9 pour cette r\u00e9gion <strong>sur le plan politique<\/strong> en tant que membre du Grand Conseil du canton de Berne et pr\u00e9sident du Conseil du Jura bernois (CJB).<\/p>\n<p><strong>Mari\u00e9 et p\u00e8re de quatre enfants adultes<\/strong>, je consacre la majeure partie de mon temps libre \u00e0 ma famille. Depuis peu, je suis aussi le fier grand-papa de trois petits-enfants. Pour me ressourcer, j\u2019aime partager un bon repas en famille, retrouver mes enfants pour une journ\u00e9e de ski, me plonger dans un roman ou encore me balader dans la nature avec mon appareil-photo.<\/p>\n<h4>En bref\u00a0:<\/h4>\n<ul>\n<li>N\u00e9 le 13 d\u00e9cembre 1962<\/li>\n<li>Mari\u00e9, 4 enfants adultes, 3 petits-enfants<\/li>\n<li>Ing\u00e9nieur HES en informatique de gestion<\/li>\n<li>Entrepreneur<\/li>\n<li>Ancien d\u00e9put\u00e9 au Grand Conseil et membre du Conseil du Jura bernois (UDC)<\/li>\n<li>Conseiller d&#8217;\u00c9tat bernois, directeur de la sant\u00e9 et de la pr\u00e9voyance sociale<\/li>\n<\/ul>\n","protected":false},"excerpt":{"rendered":"<p>N\u00e9 dans le Jura bernois, je suis profond\u00e9ment attach\u00e9 \u00e0 cette belle r\u00e9gion. J&#8217;ai particip\u00e9 \u00e0 sa vie \u00e9conomique pendant plus de 30 ans, avec notamment la cr\u00e9ation de deux entreprises, l\u2019une dans le secteur agricole, l\u2019autre dans le domaine informatique. Depuis 2016, je repr\u00e9sente le Jura bernois au sein du Conseil-ex\u00e9cutif du canton de Berne. Auparavant, je m&#8217;\u00e9tais engag\u00e9 pour cette r\u00e9gion sur le plan politique en tant que membre du Grand Conseil du canton de Berne et pr\u00e9sident du Conseil du Jura bernois (CJB). Mari\u00e9 et p\u00e8re de quatre enfants adultes, je consacre la majeure partie de mon temps libre \u00e0 ma famille. Depuis peu, je suis aussi<\/p>\n","protected":false},"author":1,"featured_media":0,"parent":0,"menu_order":4,"comment_status":"closed","ping_status":"closed","template":"","meta":{"jetpack_post_was_ever_published":false,"footnotes":""},"class_list":["post-17","page","type-page","status-publish","hentry"],"jetpack_sharing_enabled":true,"jetpack_shortlink":"https:\/\/wp.me\/P74j66-h","_links":{"self":[{"href":"https:\/\/www.pierre-alain-schnegg.ch\/fr\/wp-json\/wp\/v2\/pages\/17","targetHints":{"allow":["GET"]}}],"collection":[{"href":"https:\/\/www.pierre-alain-schnegg.ch\/fr\/wp-json\/wp\/v2\/pages"}],"about":[{"href":"https:\/\/www.pierre-alain-schnegg.ch\/fr\/wp-json\/wp\/v2\/types\/page"}],"author":[{"embeddable":true,"href":"https:\/\/www.pierre-alain-schnegg.ch\/fr\/wp-json\/wp\/v2\/users\/1"}],"replies":[{"embeddable":true,"href":"https:\/\/www.pierre-alain-schnegg.ch\/fr\/wp-json\/wp\/v2\/comments?post=17"}],"version-history":[{"count":11,"href":"https:\/\/www.pierre-alain-schnegg.ch\/fr\/wp-json\/wp\/v2\/pages\/17\/revisions"}],"predecessor-version":[{"id":1660,"href":"https:\/\/www.pierre-alain-schnegg.ch\/fr\/wp-json\/wp\/v2\/pages\/17\/revisions\/1660"}],"wp:attachment":[{"href":"https:\/\/www.pierre-alain-schnegg.ch\/fr\/wp-json\/wp\/v2\/media?parent=17"}],"curies":[{"name":"wp","href":"https:\/\/api.w.org\/{rel}","templated":true}]}}

Présentation

<p>Né dans le<strong> Jura bernois</strong>, je suis profondément attaché à cette belle région. J&#8217;ai participé à sa <strong>vie économique</strong> pendant plus de 30 ans, avec notamment la création de deux entreprises, l’une dans le secteur agricole, l’autre dans le domaine informatique.</p>
<p>Depuis 2016, je représente le Jura bernois au sein du Conseil-exécutif du canton de Berne. Auparavant, je m&#8217;étais engagé pour cette région <strong>sur le plan politique</strong> en tant que membre du Grand Conseil du canton de Berne et président du Conseil du Jura bernois (CJB).</p>
<p><strong>Marié et père de quatre enfants adultes</strong>, je consacre la majeure partie de mon temps libre à ma famille. Depuis peu, je suis aussi le fier grand-papa de trois petits-enfants. Pour me ressourcer, j’aime partager un bon repas en famille, retrouver mes enfants pour une journée de ski, me plonger dans un roman ou encore me balader dans la nature avec mon appareil-photo.</p>
<h4>En bref :</h4>
<ul>
<li>Né le 13 décembre 1962</li>
<li>Marié, 4 enfants adultes, 3 petits-enfants</li>
<li>Ingénieur HES en informatique de gestion</li>
<li>Entrepreneur</li>
<li>Ancien député au Grand Conseil et membre du Conseil du Jura bernois (UDC)</li>
<li>Conseiller d&#8217;État bernois, directeur de la santé et de la prévoyance sociale</li>
</ul>

<p>Né dans le Jura bernois, je suis profondément attaché à cette belle région. J&#8217;ai participé à sa vie économique pendant plus de 30 ans, avec notamment la création de deux entreprises, l’une dans le secteur agricole, l’autre dans le domaine informatique. Depuis 2016, je représente le Jura bernois au sein du Conseil-exécutif du canton de Berne. Auparavant, je m&#8217;étais engagé pour cette région sur le plan politique en tant que membre du Grand Conseil du canton de Berne et président du Conseil du Jura bernois (CJB). Marié et père de quatre enfants adultes, je consacre la majeure partie de mon temps libre à ma famille. Depuis peu, je suis aussi</p>
