{"id":30,"date":"2015-11-02T16:37:28","date_gmt":"2015-11-02T16:37:28","guid":{"rendered":"http:\/\/www.pierre-alain-schnegg.ch\/?page_id=30"},"modified":"2026-03-17T09:43:20","modified_gmt":"2026-03-17T09:43:20","slug":"engagement-politique","status":"publish","type":"page","link":"https:\/\/www.pierre-alain-schnegg.ch\/fr\/presentation-3\/engagement-politique\/","title":{"rendered":"Engagement politique"},"content":{"rendered":"<p>La sant\u00e9, les r\u00e9gions p\u00e9riph\u00e9riques, l\u2019attachement du Jura bernois au canton de Berne, la vitalit\u00e9 de l\u2019\u00e9conomie bernoise et l\u2019am\u00e9nagement de conditions favorables aux PME sont des sujets qui me tiennent \u00e0 c\u0153ur.<\/p>\n<h4>Au Conseil ex\u00e9cutif depuis 2016<\/h4>\n<p>La population du canton de Berne m\u2019a \u00e9lu au\u00a0Conseil ex\u00e9cutif, ou je si\u00e8ge depuis le 1er juilllet 2016.<br \/>\nEn tant que conseiller d&#8217;\u00c9tat du canton de Berne, je suis charg\u00e9 de la Direction de la sant\u00e9, des affaires sociales et de l&#8217;int\u00e9gration.<\/p>\n<h4>Mandats ant\u00e9rieurs<\/h4>\n<p>Le 30 mars 2014, la population du Jura bernois m\u2019a \u00e9lu pour si\u00e9ger au\u00a0Grand Conseil\u00a0et au\u00a0Conseil du Jura bernois (CJB).<br \/>\nDe 2015 \u00e0 mi-2016, j&#8217;ai en outre \u00e9t\u00e9 pr\u00e9sident du Conseil du Jura bernois et membre du\u00a0conseil communal\u00a0de mon village, Champoz.<\/p>\n<h4>En bref\u00a0:<\/h4>\n<ul>\n<li>Conseiller d\u2019\u00c9tat<\/li>\n<li>Directeur de la sant\u00e9, des affaires sociales et de l&#8217;int\u00e9gration<\/li>\n<li>D\u00e9put\u00e9 au Grand Conseil bernois (2014-2016)<\/li>\n<li>Membre et pr\u00e9sident du Conseil du Jura bernois (2014-2016)<\/li>\n<li>Conseiller communal \u00e0 Champoz (2015-2016)<\/li>\n<\/ul>\n","protected":false},"excerpt":{"rendered":"<p>La sant\u00e9, les r\u00e9gions p\u00e9riph\u00e9riques, l\u2019attachement du Jura bernois au canton de Berne, la vitalit\u00e9 de l\u2019\u00e9conomie bernoise et l\u2019am\u00e9nagement de conditions favorables aux PME sont des sujets qui me tiennent \u00e0 c\u0153ur. Au Conseil ex\u00e9cutif depuis 2016 La population du canton de Berne m\u2019a \u00e9lu au\u00a0Conseil ex\u00e9cutif, ou je si\u00e8ge depuis le 1er juilllet 2016. En tant que conseiller d&#8217;\u00c9tat du canton de Berne, je suis charg\u00e9 de la Direction de la sant\u00e9, des affaires sociales et de l&#8217;int\u00e9gration. Mandats ant\u00e9rieurs Le 30 mars 2014, la population du Jura bernois m\u2019a \u00e9lu pour si\u00e9ger au\u00a0Grand Conseil\u00a0et au\u00a0Conseil du Jura bernois (CJB). De 2015 \u00e0 mi-2016, j&#8217;ai en outre \u00e9t\u00e9<\/p>\n","protected":false},"author":1,"featured_media":0,"parent":17,"menu_order":0,"comment_status":"closed","ping_status":"closed","template":"","meta":{"jetpack_post_was_ever_published":false,"footnotes":""},"class_list":["post-30","page","type-page","status-publish","hentry"],"jetpack_sharing_enabled":true,"jetpack_shortlink":"https:\/\/wp.me\/P74j66-u","_links":{"self":[{"href":"https:\/\/www.pierre-alain-schnegg.ch\/fr\/wp-json\/wp\/v2\/pages\/30","targetHints":{"allow":["GET"]}}],"collection":[{"href":"https:\/\/www.pierre-alain-schnegg.ch\/fr\/wp-json\/wp\/v2\/pages"}],"about":[{"href":"https:\/\/www.pierre-alain-schnegg.ch\/fr\/wp-json\/wp\/v2\/types\/page"}],"author":[{"embeddable":true,"href":"https:\/\/www.pierre-alain-schnegg.ch\/fr\/wp-json\/wp\/v2\/users\/1"}],"replies":[{"embeddable":true,"href":"https:\/\/www.pierre-alain-schnegg.ch\/fr\/wp-json\/wp\/v2\/comments?post=30"}],"version-history":[{"count":10,"href":"https:\/\/www.pierre-alain-schnegg.ch\/fr\/wp-json\/wp\/v2\/pages\/30\/revisions"}],"predecessor-version":[{"id":1623,"href":"https:\/\/www.pierre-alain-schnegg.ch\/fr\/wp-json\/wp\/v2\/pages\/30\/revisions\/1623"}],"up":[{"embeddable":true,"href":"https:\/\/www.pierre-alain-schnegg.ch\/fr\/wp-json\/wp\/v2\/pages\/17"}],"wp:attachment":[{"href":"https:\/\/www.pierre-alain-schnegg.ch\/fr\/wp-json\/wp\/v2\/media?parent=30"}],"curies":[{"name":"wp","href":"https:\/\/api.w.org\/{rel}","templated":true}]}}

<p>La santé, les régions périphériques, l’attachement du Jura bernois au canton de Berne, la vitalité de l’économie bernoise et l’aménagement de conditions favorables aux PME sont des sujets qui me tiennent à cœur.</p>
<h4>Au Conseil exécutif depuis 2016</h4>
<p>La population du canton de Berne m’a élu au Conseil exécutif, ou je siège depuis le 1er juilllet 2016.<br />
En tant que conseiller d&#8217;État du canton de Berne, je suis chargé de la Direction de la santé, des affaires sociales et de l&#8217;intégration.</p>
<h4>Mandats antérieurs</h4>
<p>Le 30 mars 2014, la population du Jura bernois m’a élu pour siéger au Grand Conseil et au Conseil du Jura bernois (CJB).<br />
De 2015 à mi-2016, j&#8217;ai en outre été président du Conseil du Jura bernois et membre du conseil communal de mon village, Champoz.</p>
<h4>En bref :</h4>
<ul>
<li>Conseiller d’État</li>
<li>Directeur de la santé, des affaires sociales et de l&#8217;intégration</li>
<li>Député au Grand Conseil bernois (2014-2016)</li>
<li>Membre et président du Conseil du Jura bernois (2014-2016)</li>
<li>Conseiller communal à Champoz (2015-2016)</li>
</ul>

<p>La santé, les régions périphériques, l’attachement du Jura bernois au canton de Berne, la vitalité de l’économie bernoise et l’aménagement de conditions favorables aux PME sont des sujets qui me tiennent à cœur. Au Conseil exécutif depuis 2016 La population du canton de Berne m’a élu au Conseil exécutif, ou je siège depuis le 1er juilllet 2016. En tant que conseiller d&#8217;État du canton de Berne, je suis chargé de la Direction de la santé, des affaires sociales et de l&#8217;intégration. Mandats antérieurs Le 30 mars 2014, la population du Jura bernois m’a élu pour siéger au Grand Conseil et au Conseil du Jura bernois (CJB). De 2015 à mi-2016, j&#8217;ai en outre été</p>
