{"id":32,"date":"2015-11-02T16:38:21","date_gmt":"2015-11-02T16:38:21","guid":{"rendered":"http:\/\/www.pierre-alain-schnegg.ch\/?page_id=32"},"modified":"2026-03-17T09:45:33","modified_gmt":"2026-03-17T09:45:33","slug":"principaux-jalons","status":"publish","type":"page","link":"https:\/\/www.pierre-alain-schnegg.ch\/fr\/presentation-3\/principaux-jalons\/","title":{"rendered":"Principaux jalons"},"content":{"rendered":"<h4>Formation\u00a0:<\/h4>\n<ul>\n<li>1981\u00a0: CFC d\u2019employ\u00e9 de commerce, Wahli Fr\u00e8res SA, B\u00e9vilard<\/li>\n<li>1985\u00a0: Dipl\u00f4me d\u2019ing\u00e9nieur HES en informatique de gestion, HES Bienne<\/li>\n<li>2006\u00a0: Master of Business Administration (MBA), Universit\u00e9 de Gen\u00e8ve<\/li>\n<\/ul>\n<h4>Carri\u00e8re professionnelle\u00a0:<\/h4>\n<ul>\n<li>1978-1981\u00a0: apprentissage d\u2019employ\u00e9 de commerce dans une soci\u00e9t\u00e9 industrielle.<\/li>\n<li>1984-1986\u00a0: co-fondateur d\u2019une entreprise active dans la construction de b\u00e2timents agricoles.<\/li>\n<li>1986-1987\u00a0: responsable du d\u00e9partement micro-informatique pour la soci\u00e9t\u00e9 horlog\u00e8re EBEL SA.<\/li>\n<li>1987-2014\u00a0: co-fondateur et CEO de l\u2019entreprise Pro-Concept SA, renomm\u00e9e Solvaxis SA en 2009. La soci\u00e9t\u00e9 d\u00e9veloppe et distribue des logiciels de gestion.<\/li>\n<li>2009-2016 : vice-pr\u00e9sident, puis pr\u00e9sident du Conseil d\u2019administration de l\u2019H\u00f4pital du Jura bernois\u00a0SA.<\/li>\n<li>Depuis 2016: directeur de la sant\u00e9, des affaires sociale et de l&#8217;int\u00e9gration du canton de Berne.<\/li>\n<\/ul>\n<h4>Engagement politique\u00a0:<\/h4>\n<ul>\n<li>Depuis 2016 : Membre du Conseil-Ex\u00e9cutif du canton de Berne. En charge de la direction de la sant\u00e9 des affaires sociale et de l&#8217;int\u00e9gration.<\/li>\n<li>2014-2016\u00a0: d\u00e9put\u00e9 au Grand Conseil bernois, membre de la Commission de la sant\u00e9 et des affaires sociales.<\/li>\n<li>2014-2016\u00a0: membre du Conseil du Jura bernois et membre des commissions sant\u00e9-social, culture et \u00e9conomie.<\/li>\n<li>2015\u00a0: conseiller communal de Champoz.<\/li>\n<li>2015-2016\u00a0: pr\u00e9sident du Conseil du Jura bernois.<\/li>\n<li>Depuis 2016: membre du Conseil-ex\u00e9cutif du canton de Berne.<\/li>\n<\/ul>\n<h4>Divers\u00a0:<\/h4>\n<ul>\n<li>2004\u00a0: nomm\u00e9 \u00ab\u00a0Entrepreneur of the Year\u00a0\u00bb par Ernst\u00a0&amp;\u00a0Young.<\/li>\n<li>2011\u00a0-2016: pr\u00e9sident du Conseil d\u2019administration de Celtor SA, l\u2019entreprise r\u00e9gionale de traitement des d\u00e9chets.<\/li>\n<li>2014-2016\u00a0: pr\u00e9sident du Conseil d\u2019administration de GovFaces SA, une start-up dans le domaine des nouveaux m\u00e9dias.<\/li>\n<\/ul>\n","protected":false},"excerpt":{"rendered":"<p>Formation\u00a0: 1981\u00a0: CFC d\u2019employ\u00e9 de commerce, Wahli Fr\u00e8res SA, B\u00e9vilard 1985\u00a0: Dipl\u00f4me d\u2019ing\u00e9nieur HES en informatique de gestion, HES Bienne 2006\u00a0: Master of Business Administration (MBA), Universit\u00e9 de Gen\u00e8ve Carri\u00e8re professionnelle\u00a0: 1978-1981\u00a0: apprentissage d\u2019employ\u00e9 de commerce dans une soci\u00e9t\u00e9 industrielle. 1984-1986\u00a0: co-fondateur d\u2019une entreprise active dans la construction de b\u00e2timents agricoles. 1986-1987\u00a0: responsable du d\u00e9partement micro-informatique pour la soci\u00e9t\u00e9 horlog\u00e8re EBEL SA. 1987-2014\u00a0: co-fondateur et CEO de l\u2019entreprise Pro-Concept SA, renomm\u00e9e Solvaxis SA en 2009. La soci\u00e9t\u00e9 d\u00e9veloppe et distribue des logiciels de gestion. 2009-2016 : vice-pr\u00e9sident, puis pr\u00e9sident du Conseil d\u2019administration de l\u2019H\u00f4pital du Jura bernois\u00a0SA. Depuis 2016: directeur de la sant\u00e9, des affaires sociale et de l&#8217;int\u00e9gration du<\/p>\n","protected":false},"author":1,"featured_media":0,"parent":17,"menu_order":4,"comment_status":"closed","ping_status":"closed","template":"","meta":{"jetpack_post_was_ever_published":false,"footnotes":""},"class_list":["post-32","page","type-page","status-publish","hentry"],"jetpack_sharing_enabled":true,"jetpack_shortlink":"https:\/\/wp.me\/P74j66-w","_links":{"self":[{"href":"https:\/\/www.pierre-alain-schnegg.ch\/fr\/wp-json\/wp\/v2\/pages\/32","targetHints":{"allow":["GET"]}}],"collection":[{"href":"https:\/\/www.pierre-alain-schnegg.ch\/fr\/wp-json\/wp\/v2\/pages"}],"about":[{"href":"https:\/\/www.pierre-alain-schnegg.ch\/fr\/wp-json\/wp\/v2\/types\/page"}],"author":[{"embeddable":true,"href":"https:\/\/www.pierre-alain-schnegg.ch\/fr\/wp-json\/wp\/v2\/users\/1"}],"replies":[{"embeddable":true,"href":"https:\/\/www.pierre-alain-schnegg.ch\/fr\/wp-json\/wp\/v2\/comments?post=32"}],"version-history":[{"count":7,"href":"https:\/\/www.pierre-alain-schnegg.ch\/fr\/wp-json\/wp\/v2\/pages\/32\/revisions"}],"predecessor-version":[{"id":1626,"href":"https:\/\/www.pierre-alain-schnegg.ch\/fr\/wp-json\/wp\/v2\/pages\/32\/revisions\/1626"}],"up":[{"embeddable":true,"href":"https:\/\/www.pierre-alain-schnegg.ch\/fr\/wp-json\/wp\/v2\/pages\/17"}],"wp:attachment":[{"href":"https:\/\/www.pierre-alain-schnegg.ch\/fr\/wp-json\/wp\/v2\/media?parent=32"}],"curies":[{"name":"wp","href":"https:\/\/api.w.org\/{rel}","templated":true}]}}

<h4>Formation :</h4>
<ul>
<li>1981 : CFC d’employé de commerce, Wahli Frères SA, Bévilard</li>
<li>1985 : Diplôme d’ingénieur HES en informatique de gestion, HES Bienne</li>
<li>2006 : Master of Business Administration (MBA), Université de Genève</li>
</ul>
<h4>Carrière professionnelle :</h4>
<ul>
<li>1978-1981 : apprentissage d’employé de commerce dans une société industrielle.</li>
<li>1984-1986 : co-fondateur d’une entreprise active dans la construction de bâtiments agricoles.</li>
<li>1986-1987 : responsable du département micro-informatique pour la société horlogère EBEL SA.</li>
<li>1987-2014 : co-fondateur et CEO de l’entreprise Pro-Concept SA, renommée Solvaxis SA en 2009. La société développe et distribue des logiciels de gestion.</li>
<li>2009-2016 : vice-président, puis président du Conseil d’administration de l’Hôpital du Jura bernois SA.</li>
<li>Depuis 2016: directeur de la santé, des affaires sociale et de l&#8217;intégration du canton de Berne.</li>
</ul>
<h4>Engagement politique :</h4>
<ul>
<li>Depuis 2016 : Membre du Conseil-Exécutif du canton de Berne. En charge de la direction de la santé des affaires sociale et de l&#8217;intégration.</li>
<li>2014-2016 : député au Grand Conseil bernois, membre de la Commission de la santé et des affaires sociales.</li>
<li>2014-2016 : membre du Conseil du Jura bernois et membre des commissions santé-social, culture et économie.</li>
<li>2015 : conseiller communal de Champoz.</li>
<li>2015-2016 : président du Conseil du Jura bernois.</li>
<li>Depuis 2016: membre du Conseil-exécutif du canton de Berne.</li>
</ul>
<h4>Divers :</h4>
<ul>
<li>2004 : nommé « Entrepreneur of the Year » par Ernst &amp; Young.</li>
<li>2011 -2016: président du Conseil d’administration de Celtor SA, l’entreprise régionale de traitement des déchets.</li>
<li>2014-2016 : président du Conseil d’administration de GovFaces SA, une start-up dans le domaine des nouveaux médias.</li>
</ul>

<p>Formation : 1981 : CFC d’employé de commerce, Wahli Frères SA, Bévilard 1985 : Diplôme d’ingénieur HES en informatique de gestion, HES Bienne 2006 : Master of Business Administration (MBA), Université de Genève Carrière professionnelle : 1978-1981 : apprentissage d’employé de commerce dans une société industrielle. 1984-1986 : co-fondateur d’une entreprise active dans la construction de bâtiments agricoles. 1986-1987 : responsable du département micro-informatique pour la société horlogère EBEL SA. 1987-2014 : co-fondateur et CEO de l’entreprise Pro-Concept SA, renommée Solvaxis SA en 2009. La société développe et distribue des logiciels de gestion. 2009-2016 : vice-président, puis président du Conseil d’administration de l’Hôpital du Jura bernois SA. Depuis 2016: directeur de la santé, des affaires sociale et de l&#8217;intégration du</p>
