{"id":34,"date":"2015-11-02T16:38:54","date_gmt":"2015-11-02T16:38:54","guid":{"rendered":"http:\/\/www.pierre-alain-schnegg.ch\/?page_id=34"},"modified":"2026-03-17T09:44:33","modified_gmt":"2026-03-17T09:44:33","slug":"profil-personnel","status":"publish","type":"page","link":"https:\/\/www.pierre-alain-schnegg.ch\/fr\/presentation-3\/profil-personnel\/","title":{"rendered":"Profil personnel"},"content":{"rendered":"<p>Mari\u00e9 et p\u00e8re de quatre enfants adultes, je consacre la majeure partie de mon temps libre \u00e0 ma famille. Je suis aussi le fier grand-papa de deux petits gar\u00e7ons et une petite fille.<\/p>\n<p>Pour me ressourcer, j\u2019aime partager un bon repas en famille, retrouver mes enfants pour une journ\u00e9e de ski, me plonger dans un roman ou encore me balader dans la nature avec mon appareil-photo.<\/p>\n<h4>En bref :<\/h4>\n<ul>\n<li>N\u00e9 en 1962 dans le Jura bernois<\/li>\n<li>Mari\u00e9 \u00e0 Marcelle<\/li>\n<li>4 enfants adultes<\/li>\n<li>Hobbys : lecture, ski, photographie, famille<\/li>\n<\/ul>\n","protected":false},"excerpt":{"rendered":"<p>Mari\u00e9 et p\u00e8re de quatre enfants adultes, je consacre la majeure partie de mon temps libre \u00e0 ma famille. Je suis aussi le fier grand-papa de deux petits gar\u00e7ons et une petite fille. Pour me ressourcer, j\u2019aime partager un bon repas en famille, retrouver mes enfants pour une journ\u00e9e de ski, me plonger dans un roman ou encore me balader dans la nature avec mon appareil-photo. En bref : N\u00e9 en 1962 dans le Jura bernois Mari\u00e9 \u00e0 Marcelle 4 enfants adultes Hobbys : lecture, ski, photographie, famille<\/p>\n","protected":false},"author":1,"featured_media":0,"parent":17,"menu_order":3,"comment_status":"closed","ping_status":"closed","template":"","meta":{"jetpack_post_was_ever_published":false,"footnotes":""},"class_list":["post-34","page","type-page","status-publish","hentry"],"jetpack_sharing_enabled":true,"jetpack_shortlink":"https:\/\/wp.me\/P74j66-y","_links":{"self":[{"href":"https:\/\/www.pierre-alain-schnegg.ch\/fr\/wp-json\/wp\/v2\/pages\/34","targetHints":{"allow":["GET"]}}],"collection":[{"href":"https:\/\/www.pierre-alain-schnegg.ch\/fr\/wp-json\/wp\/v2\/pages"}],"about":[{"href":"https:\/\/www.pierre-alain-schnegg.ch\/fr\/wp-json\/wp\/v2\/types\/page"}],"author":[{"embeddable":true,"href":"https:\/\/www.pierre-alain-schnegg.ch\/fr\/wp-json\/wp\/v2\/users\/1"}],"replies":[{"embeddable":true,"href":"https:\/\/www.pierre-alain-schnegg.ch\/fr\/wp-json\/wp\/v2\/comments?post=34"}],"version-history":[{"count":7,"href":"https:\/\/www.pierre-alain-schnegg.ch\/fr\/wp-json\/wp\/v2\/pages\/34\/revisions"}],"predecessor-version":[{"id":1625,"href":"https:\/\/www.pierre-alain-schnegg.ch\/fr\/wp-json\/wp\/v2\/pages\/34\/revisions\/1625"}],"up":[{"embeddable":true,"href":"https:\/\/www.pierre-alain-schnegg.ch\/fr\/wp-json\/wp\/v2\/pages\/17"}],"wp:attachment":[{"href":"https:\/\/www.pierre-alain-schnegg.ch\/fr\/wp-json\/wp\/v2\/media?parent=34"}],"curies":[{"name":"wp","href":"https:\/\/api.w.org\/{rel}","templated":true}]}}

<p>Marié et père de quatre enfants adultes, je consacre la majeure partie de mon temps libre à ma famille. Je suis aussi le fier grand-papa de deux petits garçons et une petite fille.</p>
<p>Pour me ressourcer, j’aime partager un bon repas en famille, retrouver mes enfants pour une journée de ski, me plonger dans un roman ou encore me balader dans la nature avec mon appareil-photo.</p>
<h4>En bref :</h4>
<ul>
<li>Né en 1962 dans le Jura bernois</li>
<li>Marié à Marcelle</li>
<li>4 enfants adultes</li>
<li>Hobbys : lecture, ski, photographie, famille</li>
</ul>

<p>Marié et père de quatre enfants adultes, je consacre la majeure partie de mon temps libre à ma famille. Je suis aussi le fier grand-papa de deux petits garçons et une petite fille. Pour me ressourcer, j’aime partager un bon repas en famille, retrouver mes enfants pour une journée de ski, me plonger dans un roman ou encore me balader dans la nature avec mon appareil-photo. En bref : Né en 1962 dans le Jura bernois Marié à Marcelle 4 enfants adultes Hobbys : lecture, ski, photographie, famille</p>
