{"id":494,"date":"2016-03-04T13:30:30","date_gmt":"2016-03-04T13:30:30","guid":{"rendered":"http:\/\/www.pierre-alain-schnegg.ch\/?page_id=494"},"modified":"2026-03-11T10:58:21","modified_gmt":"2026-03-11T10:58:21","slug":"soutien","status":"publish","type":"page","link":"https:\/\/www.pierre-alain-schnegg.ch\/fr\/election-2018\/campagne-au-conseil-executif-2016\/soutien\/","title":{"rendered":"Soutien"},"content":{"rendered":"<p>Lors de l\u2019\u00e9lection au Conseil-ex\u00e9cutif du 29 mars 2026, Pierre Alain Schnegg a b\u00e9n\u00e9fici\u00e9 d\u2019un large soutien.<br \/>\nCes partis et organisations ont recommand\u00e9 d\u2019\u00e9lire Pierre Alain Schnegg au gouvernement bernois :<\/p>\n<table border=\"0\">\n<tbody>\n<tr>\n<th><a href=\"https:\/\/i0.wp.com\/www.pierre-alain-schnegg.ch\/wp-content\/uploads\/2016\/03\/Untitled-design-32.png\" rel=\"attachment wp-att-542\"><img data-recalc-dims=\"1\" loading=\"lazy\" decoding=\"async\" class=\"size-full wp-image-542 aligncenter\" src=\"https:\/\/i0.wp.com\/www.pierre-alain-schnegg.ch\/wp-content\/uploads\/2016\/03\/Untitled-design-32.png?resize=120%2C75\" alt=\"SVP UDC\" width=\"120\" height=\"75\" \/><\/a><\/th>\n<th><a href=\"https:\/\/i0.wp.com\/www.pierre-alain-schnegg.ch\/wp-content\/uploads\/2016\/03\/Untitled-design-29.png\" rel=\"attachment wp-att-545\"><img data-recalc-dims=\"1\" loading=\"lazy\" decoding=\"async\" class=\"size-full wp-image-545 aligncenter\" src=\"https:\/\/i0.wp.com\/www.pierre-alain-schnegg.ch\/wp-content\/uploads\/2016\/03\/Untitled-design-29.png?resize=120%2C75\" alt=\"FDP PLR\" width=\"120\" height=\"75\" \/><\/a><\/th>\n<th><a href=\"https:\/\/i0.wp.com\/www.pierre-alain-schnegg.ch\/wp-content\/uploads\/2026\/03\/Screenshot-2026-03-11-115246.png?ssl=1\"><img data-recalc-dims=\"1\" loading=\"lazy\" decoding=\"async\" class=\"wp-image-1525 aligncenter\" src=\"https:\/\/i0.wp.com\/www.pierre-alain-schnegg.ch\/wp-content\/uploads\/2026\/03\/Screenshot-2026-03-11-115246.png?resize=146%2C108&#038;ssl=1\" alt=\"\" width=\"146\" height=\"108\" \/><\/a><\/th>\n<\/tr>\n<tr>\n<th>Union d\u00e9mocratique du centre UDC<\/th>\n<th>Parti lib\u00e9ral-radical PLR<\/th>\n<th>Le Centre<\/th>\n<\/tr>\n<tr>\n<th><a href=\"https:\/\/i0.wp.com\/www.pierre-alain-schnegg.ch\/wp-content\/uploads\/2016\/03\/Untitled-design-38.png\" rel=\"attachment wp-att-536\"><img data-recalc-dims=\"1\" loading=\"lazy\" decoding=\"async\" class=\" wp-image-536 aligncenter\" src=\"https:\/\/i0.wp.com\/www.pierre-alain-schnegg.ch\/wp-content\/uploads\/2016\/03\/Untitled-design-38.png?resize=141%2C88\" alt=\"HIV UCI\" width=\"141\" height=\"88\" \/><\/a><\/th>\n<th><a href=\"https:\/\/i0.wp.com\/www.pierre-alain-schnegg.ch\/wp-content\/uploads\/2016\/03\/Untitled-design-33.png\" rel=\"attachment wp-att-541\"><img data-recalc-dims=\"1\" loading=\"lazy\" decoding=\"async\" class=\"size-full wp-image-541 aligncenter\" src=\"https:\/\/i0.wp.com\/www.pierre-alain-schnegg.ch\/wp-content\/uploads\/2016\/03\/Untitled-design-33.png?resize=120%2C75\" alt=\"EDU UDF\" width=\"120\" height=\"75\" \/><\/a><\/th>\n<th><a href=\"https:\/\/i0.wp.com\/www.pierre-alain-schnegg.ch\/wp-content\/uploads\/2016\/03\/Untitled-design-39.png\" rel=\"attachment wp-att-535\"><img data-recalc-dims=\"1\" loading=\"lazy\" decoding=\"async\" class=\"size-full wp-image-535 aligncenter\" src=\"https:\/\/i0.wp.com\/www.pierre-alain-schnegg.ch\/wp-content\/uploads\/2016\/03\/Untitled-design-39.png?resize=120%2C75\" alt=\"Berner KMU\" width=\"120\" height=\"75\" \/><\/a><\/th>\n<\/tr>\n<tr>\n<th>Union du commerce et de l&#8217;industrie du canton de Berne UCI<\/th>\n<th>Union d\u00e9mocratique f\u00e9d\u00e9rale UDF<\/th>\n<th>PME Bernoises<\/th>\n<\/tr>\n<tr>\n<th><a href=\"https:\/\/i0.wp.com\/www.pierre-alain-schnegg.ch\/wp-content\/uploads\/2016\/03\/Untitled-design-40.png\" rel=\"attachment wp-att-546\"><img data-recalc-dims=\"1\" loading=\"lazy\" decoding=\"async\" class=\" wp-image-546 aligncenter\" src=\"https:\/\/i0.wp.com\/www.pierre-alain-schnegg.ch\/wp-content\/uploads\/2016\/03\/Untitled-design-40.png?resize=142%2C89\" alt=\"SSE\" width=\"142\" height=\"89\" \/><\/a><\/th>\n<th><a href=\"https:\/\/i0.wp.com\/www.pierre-alain-schnegg.ch\/wp-content\/uploads\/2016\/03\/Untitled-design-34.png\" rel=\"attachment wp-att-540\"><img data-recalc-dims=\"1\" loading=\"lazy\" decoding=\"async\" class=\"size-full wp-image-540 aligncenter\" src=\"https:\/\/i0.wp.com\/www.pierre-alain-schnegg.ch\/wp-content\/uploads\/2016\/03\/Untitled-design-34.png?resize=120%2C75\" alt=\"Berner Arbeitgeber\" width=\"120\" height=\"75\" \/><\/a><\/th>\n<th><a href=\"https:\/\/i0.wp.com\/www.pierre-alain-schnegg.ch\/wp-content\/uploads\/2016\/03\/Untitled-design-37.png\" rel=\"attachment wp-att-537\"><img data-recalc-dims=\"1\" loading=\"lazy\" decoding=\"async\" class=\"size-full wp-image-537 aligncenter\" src=\"https:\/\/i0.wp.com\/www.pierre-alain-schnegg.ch\/wp-content\/uploads\/2016\/03\/Untitled-design-37.png?resize=120%2C75\" alt=\"Untitled design (37)\" width=\"120\" height=\"75\" \/><\/a><\/th>\n<\/tr>\n<tr>\n<th>Soci\u00e9t\u00e9 Suisse des Entrepreneurs canton de Berne<\/th>\n<th>Die Berner Arbeitgeber.<\/th>\n<th>Berner Bauern Verband<\/th>\n<\/tr>\n<tr>\n<th><a href=\"https:\/\/i0.wp.com\/www.pierre-alain-schnegg.ch\/wp-content\/uploads\/2016\/03\/Untitled-design-35.png\" rel=\"attachment wp-att-539\"><img data-recalc-dims=\"1\" loading=\"lazy\" decoding=\"async\" class=\"size-full wp-image-539 aligncenter\" src=\"https:\/\/i0.wp.com\/www.pierre-alain-schnegg.ch\/wp-content\/uploads\/2016\/03\/Untitled-design-35.png?resize=120%2C75\" alt=\"Untitled design (35)\" width=\"120\" height=\"75\" \/><\/a><\/th>\n<th><a href=\"https:\/\/i0.wp.com\/www.pierre-alain-schnegg.ch\/wp-content\/uploads\/2016\/03\/Untitled-design-36.png\" rel=\"attachment wp-att-538\"><img data-recalc-dims=\"1\" loading=\"lazy\" decoding=\"async\" class=\"size-full wp-image-538 aligncenter\" src=\"https:\/\/i0.wp.com\/www.pierre-alain-schnegg.ch\/wp-content\/uploads\/2016\/03\/Untitled-design-36.png?resize=120%2C75\" alt=\"Gastro Bern\" width=\"120\" height=\"75\" \/><\/a><\/th>\n<th><a href=\"http:\/\/www.pierre-alain-schnegg.ch\/wp-content\/uploads\/2016\/03\/Untitled-design-40.png\" rel=\"attachment wp-att-546\">\u00a0<\/a><\/th>\n<\/tr>\n<tr>\n<th>Hauseigent\u00fcmerverband Kanton Bern<\/th>\n<th>Gastro Bern<\/th>\n<th><\/th>\n<\/tr>\n<\/tbody>\n<\/table>\n","protected":false},"excerpt":{"rendered":"<p>Lors de l\u2019\u00e9lection au Conseil-ex\u00e9cutif du 29 mars 2026, Pierre Alain Schnegg a b\u00e9n\u00e9fici\u00e9 d\u2019un large soutien. Ces partis et organisations ont recommand\u00e9 d\u2019\u00e9lire Pierre Alain Schnegg au gouvernement bernois : Union d\u00e9mocratique du centre UDC Parti lib\u00e9ral-radical PLR Le Centre Union du commerce et de l&#8217;industrie du canton de Berne UCI Union d\u00e9mocratique f\u00e9d\u00e9rale UDF PME Bernoises Soci\u00e9t\u00e9 Suisse des Entrepreneurs canton de Berne Die Berner Arbeitgeber. Berner Bauern Verband \u00a0 Hauseigent\u00fcmerverband Kanton Bern Gastro Bern<\/p>\n","protected":false},"author":4,"featured_media":0,"parent":1101,"menu_order":4,"comment_status":"closed","ping_status":"closed","template":"","meta":{"jetpack_post_was_ever_published":false,"footnotes":""},"class_list":["post-494","page","type-page","status-publish","hentry"],"jetpack_sharing_enabled":true,"jetpack_shortlink":"https:\/\/wp.me\/P74j66-7Y","_links":{"self":[{"href":"https:\/\/www.pierre-alain-schnegg.ch\/fr\/wp-json\/wp\/v2\/pages\/494","targetHints":{"allow":["GET"]}}],"collection":[{"href":"https:\/\/www.pierre-alain-schnegg.ch\/fr\/wp-json\/wp\/v2\/pages"}],"about":[{"href":"https:\/\/www.pierre-alain-schnegg.ch\/fr\/wp-json\/wp\/v2\/types\/page"}],"author":[{"embeddable":true,"href":"https:\/\/www.pierre-alain-schnegg.ch\/fr\/wp-json\/wp\/v2\/users\/4"}],"replies":[{"embeddable":true,"href":"https:\/\/www.pierre-alain-schnegg.ch\/fr\/wp-json\/wp\/v2\/comments?post=494"}],"version-history":[{"count":22,"href":"https:\/\/www.pierre-alain-schnegg.ch\/fr\/wp-json\/wp\/v2\/pages\/494\/revisions"}],"predecessor-version":[{"id":1532,"href":"https:\/\/www.pierre-alain-schnegg.ch\/fr\/wp-json\/wp\/v2\/pages\/494\/revisions\/1532"}],"up":[{"embeddable":true,"href":"https:\/\/www.pierre-alain-schnegg.ch\/fr\/wp-json\/wp\/v2\/pages\/1101"}],"wp:attachment":[{"href":"https:\/\/www.pierre-alain-schnegg.ch\/fr\/wp-json\/wp\/v2\/media?parent=494"}],"curies":[{"name":"wp","href":"https:\/\/api.w.org\/{rel}","templated":true}]}}

<p>Lors de l’élection au Conseil-exécutif du 29 mars 2026, Pierre Alain Schnegg a bénéficié d’un large soutien.<br />
Ces partis et organisations ont recommandé d’élire Pierre Alain Schnegg au gouvernement bernois :</p>
<table border="0">
<tbody>
<tr>
<th><a href="https://i0.wp.com/www.pierre-alain-schnegg.ch/wp-content/uploads/2016/03/Untitled-design-32.png" rel="attachment wp-att-542"><img data-recalc-dims="1" loading="lazy" decoding="async" class="size-full wp-image-542 aligncenter" src="https://i0.wp.com/www.pierre-alain-schnegg.ch/wp-content/uploads/2016/03/Untitled-design-32.png?resize=120%2C75" alt="SVP UDC" width="120" height="75" /></a></th>
<th><a href="https://i0.wp.com/www.pierre-alain-schnegg.ch/wp-content/uploads/2016/03/Untitled-design-29.png" rel="attachment wp-att-545"><img data-recalc-dims="1" loading="lazy" decoding="async" class="size-full wp-image-545 aligncenter" src="https://i0.wp.com/www.pierre-alain-schnegg.ch/wp-content/uploads/2016/03/Untitled-design-29.png?resize=120%2C75" alt="FDP PLR" width="120" height="75" /></a></th>
<th><a href="https://i0.wp.com/www.pierre-alain-schnegg.ch/wp-content/uploads/2026/03/Screenshot-2026-03-11-115246.png?ssl=1"><img data-recalc-dims="1" loading="lazy" decoding="async" class="wp-image-1525 aligncenter" src="https://i0.wp.com/www.pierre-alain-schnegg.ch/wp-content/uploads/2026/03/Screenshot-2026-03-11-115246.png?resize=146%2C108&#038;ssl=1" alt="" width="146" height="108" /></a></th>
</tr>
<tr>
<th>Union démocratique du centre UDC</th>
<th>Parti libéral-radical PLR</th>
<th>Le Centre</th>
</tr>
<tr>
<th><a href="https://i0.wp.com/www.pierre-alain-schnegg.ch/wp-content/uploads/2016/03/Untitled-design-38.png" rel="attachment wp-att-536"><img data-recalc-dims="1" loading="lazy" decoding="async" class=" wp-image-536 aligncenter" src="https://i0.wp.com/www.pierre-alain-schnegg.ch/wp-content/uploads/2016/03/Untitled-design-38.png?resize=141%2C88" alt="HIV UCI" width="141" height="88" /></a></th>
<th><a href="https://i0.wp.com/www.pierre-alain-schnegg.ch/wp-content/uploads/2016/03/Untitled-design-33.png" rel="attachment wp-att-541"><img data-recalc-dims="1" loading="lazy" decoding="async" class="size-full wp-image-541 aligncenter" src="https://i0.wp.com/www.pierre-alain-schnegg.ch/wp-content/uploads/2016/03/Untitled-design-33.png?resize=120%2C75" alt="EDU UDF" width="120" height="75" /></a></th>
<th><a href="https://i0.wp.com/www.pierre-alain-schnegg.ch/wp-content/uploads/2016/03/Untitled-design-39.png" rel="attachment wp-att-535"><img data-recalc-dims="1" loading="lazy" decoding="async" class="size-full wp-image-535 aligncenter" src="https://i0.wp.com/www.pierre-alain-schnegg.ch/wp-content/uploads/2016/03/Untitled-design-39.png?resize=120%2C75" alt="Berner KMU" width="120" height="75" /></a></th>
</tr>
<tr>
<th>Union du commerce et de l&#8217;industrie du canton de Berne UCI</th>
<th>Union démocratique fédérale UDF</th>
<th>PME Bernoises</th>
</tr>
<tr>
<th><a href="https://i0.wp.com/www.pierre-alain-schnegg.ch/wp-content/uploads/2016/03/Untitled-design-40.png" rel="attachment wp-att-546"><img data-recalc-dims="1" loading="lazy" decoding="async" class=" wp-image-546 aligncenter" src="https://i0.wp.com/www.pierre-alain-schnegg.ch/wp-content/uploads/2016/03/Untitled-design-40.png?resize=142%2C89" alt="SSE" width="142" height="89" /></a></th>
<th><a href="https://i0.wp.com/www.pierre-alain-schnegg.ch/wp-content/uploads/2016/03/Untitled-design-34.png" rel="attachment wp-att-540"><img data-recalc-dims="1" loading="lazy" decoding="async" class="size-full wp-image-540 aligncenter" src="https://i0.wp.com/www.pierre-alain-schnegg.ch/wp-content/uploads/2016/03/Untitled-design-34.png?resize=120%2C75" alt="Berner Arbeitgeber" width="120" height="75" /></a></th>
<th><a href="https://i0.wp.com/www.pierre-alain-schnegg.ch/wp-content/uploads/2016/03/Untitled-design-37.png" rel="attachment wp-att-537"><img data-recalc-dims="1" loading="lazy" decoding="async" class="size-full wp-image-537 aligncenter" src="https://i0.wp.com/www.pierre-alain-schnegg.ch/wp-content/uploads/2016/03/Untitled-design-37.png?resize=120%2C75" alt="Untitled design (37)" width="120" height="75" /></a></th>
</tr>
<tr>
<th>Société Suisse des Entrepreneurs canton de Berne</th>
<th>Die Berner Arbeitgeber.</th>
<th>Berner Bauern Verband</th>
</tr>
<tr>
<th><a href="https://i0.wp.com/www.pierre-alain-schnegg.ch/wp-content/uploads/2016/03/Untitled-design-35.png" rel="attachment wp-att-539"><img data-recalc-dims="1" loading="lazy" decoding="async" class="size-full wp-image-539 aligncenter" src="https://i0.wp.com/www.pierre-alain-schnegg.ch/wp-content/uploads/2016/03/Untitled-design-35.png?resize=120%2C75" alt="Untitled design (35)" width="120" height="75" /></a></th>
<th><a href="https://i0.wp.com/www.pierre-alain-schnegg.ch/wp-content/uploads/2016/03/Untitled-design-36.png" rel="attachment wp-att-538"><img data-recalc-dims="1" loading="lazy" decoding="async" class="size-full wp-image-538 aligncenter" src="https://i0.wp.com/www.pierre-alain-schnegg.ch/wp-content/uploads/2016/03/Untitled-design-36.png?resize=120%2C75" alt="Gastro Bern" width="120" height="75" /></a></th>
<th><a href="http://www.pierre-alain-schnegg.ch/wp-content/uploads/2016/03/Untitled-design-40.png" rel="attachment wp-att-546"> </a></th>
</tr>
<tr>
<th>Hauseigentümerverband Kanton Bern</th>
<th>Gastro Bern</th>
<th></th>
</tr>
</tbody>
</table>

<p>Lors de l’élection au Conseil-exécutif du 29 mars 2026, Pierre Alain Schnegg a bénéficié d’un large soutien. Ces partis et organisations ont recommandé d’élire Pierre Alain Schnegg au gouvernement bernois : Union démocratique du centre UDC Parti libéral-radical PLR Le Centre Union du commerce et de l&#8217;industrie du canton de Berne UCI Union démocratique fédérale UDF PME Bernoises Société Suisse des Entrepreneurs canton de Berne Die Berner Arbeitgeber. Berner Bauern Verband   Hauseigentümerverband Kanton Bern Gastro Bern</p>
