{"id":507,"date":"2016-03-04T16:39:28","date_gmt":"2016-03-04T16:39:28","guid":{"rendered":"http:\/\/www.pierre-alain-schnegg.ch\/?page_id=507"},"modified":"2026-03-11T12:42:50","modified_gmt":"2026-03-11T12:42:50","slug":"comite-de-soutien","status":"publish","type":"page","link":"https:\/\/www.pierre-alain-schnegg.ch\/fr\/election-2018\/campagne-au-conseil-executif-2016\/soutien\/comite-de-soutien\/","title":{"rendered":"Comit\u00e9 de soutien"},"content":{"rendered":"<p>Un cordial merci \u00e0 chacune et \u00e0 chacun qui m\u2019a apport\u00e9 son soutien lors de l\u2019\u00e9lection au Conseil-ex\u00e9cutif du 29 mars 2026.<\/p>\n<h4>Ils et elles ont soutenu Pierre Alain Schnegg<\/h4>\n<p><span data-teams=\"true\"><strong>Roland Benoit<\/strong> (Corg\u00e9mont), <strong>St\u00e8ve Blaesi<\/strong> (Pontenet), <strong>Sacha Boder<\/strong> (Orvin), <strong>Manfred B\u00fchler<\/strong> (Cort\u00e9bert), <strong>Olivier Chatelain<\/strong> (Mont-Tramelan), <strong>Gertrud Cosandier<\/strong> (Chavannes), <strong>Patrik Devaux<\/strong> (Orvin), <strong>Martin Eicher<\/strong> (Tavannes), <strong>Pascale Evalet Worni<\/strong> (Malleray), <strong>Emile Gauchat<\/strong> (Nods), <strong>Markus Gerber<\/strong> (Bellelay), <strong>Anne-Caroline Graber<\/strong> (La Neuveville), <strong>Jean-Pierre Graber<\/strong> (La Neuveville), <strong>Tony Gutmann<\/strong> (La Neuveville), <strong>Walter Habegger<\/strong> (Cr\u00e9mines), <strong>Christian Herrmann<\/strong> (Frinvillier), <strong>Reinhard Jossen<\/strong> (Renan), <strong>Etienne Klopfenstein<\/strong> (Corg\u00e9mont), <strong>Evan L\u00e9chot<\/strong> (Les Pr\u00e9s-de-Cort\u00e9bert), <strong>Bernard Leuenberger<\/strong> (Court), <strong>Andr\u00e9 Mercerat<\/strong> (Champoz), <strong>Maxime Ochsenbein<\/strong> (B\u00e9vilard),<strong> Aur\u00e9lien Paroz<\/strong> (Le Fuet), <strong>Claude R\u00f6thlisberger<\/strong> (Reconvilier), <strong>Markus Ruf<\/strong> (Corg\u00e9mont), <strong>Ana\u00efs Ryser<\/strong> (Tramelan), <strong>Beat Scheidegger<\/strong> (Les Reussilles), <strong>Michael Schlappach<\/strong> (Loveresse), <strong>Ma\u00ebl Schnegg<\/strong> (Champoz), <strong>Steven Siegenthaler<\/strong> (Mont-Soleil), <strong>Ronald Sommer<\/strong> (Monible), <strong>Patrick Tobler<\/strong> (Cr\u00e9mines), <strong>Michel Tschan<\/strong> (Corg\u00e9mont), <strong>Bernard Tschanz<\/strong> (Corg\u00e9mont), <strong>Christian Tschanz<\/strong> (La Cibourg), <strong>Claude-Alain W\u00fcthrich<\/strong> (Sonceboz-Sombeval), <strong>Marina W\u00fcthrich<\/strong> (Renan).<\/span><\/p>\n","protected":false},"excerpt":{"rendered":"<p>Un cordial merci \u00e0 chacune et \u00e0 chacun qui m\u2019a apport\u00e9 son soutien lors de l\u2019\u00e9lection au Conseil-ex\u00e9cutif du 29 mars 2026. Ils et elles ont soutenu Pierre Alain Schnegg Roland Benoit (Corg\u00e9mont), St\u00e8ve Blaesi (Pontenet), Sacha Boder (Orvin), Manfred B\u00fchler (Cort\u00e9bert), Olivier Chatelain (Mont-Tramelan), Gertrud Cosandier (Chavannes), Patrik Devaux (Orvin), Martin Eicher (Tavannes), Pascale Evalet Worni (Malleray), Emile Gauchat (Nods), Markus Gerber (Bellelay), Anne-Caroline Graber (La Neuveville), Jean-Pierre Graber (La Neuveville), Tony Gutmann (La Neuveville), Walter Habegger (Cr\u00e9mines), Christian Herrmann (Frinvillier), Reinhard Jossen (Renan), Etienne Klopfenstein (Corg\u00e9mont), Evan L\u00e9chot (Les Pr\u00e9s-de-Cort\u00e9bert), Bernard Leuenberger (Court), Andr\u00e9 Mercerat (Champoz), Maxime Ochsenbein (B\u00e9vilard), Aur\u00e9lien Paroz (Le Fuet), Claude R\u00f6thlisberger (Reconvilier), Markus Ruf<\/p>\n","protected":false},"author":4,"featured_media":571,"parent":494,"menu_order":2,"comment_status":"closed","ping_status":"closed","template":"","meta":{"jetpack_post_was_ever_published":false,"footnotes":""},"class_list":["post-507","page","type-page","status-publish","has-post-thumbnail","hentry"],"jetpack_sharing_enabled":true,"jetpack_shortlink":"https:\/\/wp.me\/P74j66-8b","_links":{"self":[{"href":"https:\/\/www.pierre-alain-schnegg.ch\/fr\/wp-json\/wp\/v2\/pages\/507","targetHints":{"allow":["GET"]}}],"collection":[{"href":"https:\/\/www.pierre-alain-schnegg.ch\/fr\/wp-json\/wp\/v2\/pages"}],"about":[{"href":"https:\/\/www.pierre-alain-schnegg.ch\/fr\/wp-json\/wp\/v2\/types\/page"}],"author":[{"embeddable":true,"href":"https:\/\/www.pierre-alain-schnegg.ch\/fr\/wp-json\/wp\/v2\/users\/4"}],"replies":[{"embeddable":true,"href":"https:\/\/www.pierre-alain-schnegg.ch\/fr\/wp-json\/wp\/v2\/comments?post=507"}],"version-history":[{"count":37,"href":"https:\/\/www.pierre-alain-schnegg.ch\/fr\/wp-json\/wp\/v2\/pages\/507\/revisions"}],"predecessor-version":[{"id":1542,"href":"https:\/\/www.pierre-alain-schnegg.ch\/fr\/wp-json\/wp\/v2\/pages\/507\/revisions\/1542"}],"up":[{"embeddable":true,"href":"https:\/\/www.pierre-alain-schnegg.ch\/fr\/wp-json\/wp\/v2\/pages\/494"}],"wp:featuredmedia":[{"embeddable":true,"href":"https:\/\/www.pierre-alain-schnegg.ch\/fr\/wp-json\/wp\/v2\/media\/571"}],"wp:attachment":[{"href":"https:\/\/www.pierre-alain-schnegg.ch\/fr\/wp-json\/wp\/v2\/media?parent=507"}],"curies":[{"name":"wp","href":"https:\/\/api.w.org\/{rel}","templated":true}]}}

Comité de soutien

<p>Un cordial merci à chacune et à chacun qui m’a apporté son soutien lors de l’élection au Conseil-exécutif du 29 mars 2026.</p>
<h4>Ils et elles ont soutenu Pierre Alain Schnegg</h4>
<p><span data-teams="true"><strong>Roland Benoit</strong> (Corgémont), <strong>Stève Blaesi</strong> (Pontenet), <strong>Sacha Boder</strong> (Orvin), <strong>Manfred Bühler</strong> (Cortébert), <strong>Olivier Chatelain</strong> (Mont-Tramelan), <strong>Gertrud Cosandier</strong> (Chavannes), <strong>Patrik Devaux</strong> (Orvin), <strong>Martin Eicher</strong> (Tavannes), <strong>Pascale Evalet Worni</strong> (Malleray), <strong>Emile Gauchat</strong> (Nods), <strong>Markus Gerber</strong> (Bellelay), <strong>Anne-Caroline Graber</strong> (La Neuveville), <strong>Jean-Pierre Graber</strong> (La Neuveville), <strong>Tony Gutmann</strong> (La Neuveville), <strong>Walter Habegger</strong> (Crémines), <strong>Christian Herrmann</strong> (Frinvillier), <strong>Reinhard Jossen</strong> (Renan), <strong>Etienne Klopfenstein</strong> (Corgémont), <strong>Evan Léchot</strong> (Les Prés-de-Cortébert), <strong>Bernard Leuenberger</strong> (Court), <strong>André Mercerat</strong> (Champoz), <strong>Maxime Ochsenbein</strong> (Bévilard),<strong> Aurélien Paroz</strong> (Le Fuet), <strong>Claude Röthlisberger</strong> (Reconvilier), <strong>Markus Ruf</strong> (Corgémont), <strong>Anaïs Ryser</strong> (Tramelan), <strong>Beat Scheidegger</strong> (Les Reussilles), <strong>Michael Schlappach</strong> (Loveresse), <strong>Maël Schnegg</strong> (Champoz), <strong>Steven Siegenthaler</strong> (Mont-Soleil), <strong>Ronald Sommer</strong> (Monible), <strong>Patrick Tobler</strong> (Crémines), <strong>Michel Tschan</strong> (Corgémont), <strong>Bernard Tschanz</strong> (Corgémont), <strong>Christian Tschanz</strong> (La Cibourg), <strong>Claude-Alain Wüthrich</strong> (Sonceboz-Sombeval), <strong>Marina Wüthrich</strong> (Renan).</span></p>

<p>Un cordial merci à chacune et à chacun qui m’a apporté son soutien lors de l’élection au Conseil-exécutif du 29 mars 2026. Ils et elles ont soutenu Pierre Alain Schnegg Roland Benoit (Corgémont), Stève Blaesi (Pontenet), Sacha Boder (Orvin), Manfred Bühler (Cortébert), Olivier Chatelain (Mont-Tramelan), Gertrud Cosandier (Chavannes), Patrik Devaux (Orvin), Martin Eicher (Tavannes), Pascale Evalet Worni (Malleray), Emile Gauchat (Nods), Markus Gerber (Bellelay), Anne-Caroline Graber (La Neuveville), Jean-Pierre Graber (La Neuveville), Tony Gutmann (La Neuveville), Walter Habegger (Crémines), Christian Herrmann (Frinvillier), Reinhard Jossen (Renan), Etienne Klopfenstein (Corgémont), Evan Léchot (Les Prés-de-Cortébert), Bernard Leuenberger (Court), André Mercerat (Champoz), Maxime Ochsenbein (Bévilard), Aurélien Paroz (Le Fuet), Claude Röthlisberger (Reconvilier), Markus Ruf</p>
